{"id":6881,"date":"2022-12-06T15:09:04","date_gmt":"2022-12-06T14:09:04","guid":{"rendered":"https:\/\/www.milkmithoney.de\/?page_id=6881"},"modified":"2022-12-09T12:59:14","modified_gmt":"2022-12-09T11:59:14","slug":"impressum","status":"publish","type":"page","link":"https:\/\/www.milkmithoney.de\/index.php\/impressum\/","title":{"rendered":"impressum"},"content":{"rendered":"\t\t<div data-elementor-type=\"wp-page\" data-elementor-id=\"6881\" class=\"elementor elementor-6881\">\n\t\t\t\t\t\t<section class=\"elementor-section elementor-top-section elementor-element elementor-element-40662df elementor-section-boxed elementor-section-height-default elementor-section-height-default qodef-elementor-content-no\" data-id=\"40662df\" data-element_type=\"section\" data-e-type=\"section\">\n\t\t\t\t\t\t<div class=\"elementor-container elementor-column-gap-default\">\n\t\t\t\t\t<div class=\"elementor-column elementor-col-100 elementor-top-column elementor-element elementor-element-f073ba1\" data-id=\"f073ba1\" data-element_type=\"column\" data-e-type=\"column\">\n\t\t\t<div class=\"elementor-widget-wrap elementor-element-populated\">\n\t\t\t\t\t\t<div class=\"elementor-element elementor-element-8328f7b elementor-widget elementor-widget-heading\" data-id=\"8328f7b\" data-element_type=\"widget\" data-e-type=\"widget\" data-widget_type=\"heading.default\">\n\t\t\t\t<div class=\"elementor-widget-container\">\n\t\t\t\t\t<h2 class=\"elementor-heading-title elementor-size-default\">Impressum<\/h2>\t\t\t\t<\/div>\n\t\t\t\t<\/div>\n\t\t\t\t<div class=\"elementor-element elementor-element-b3c6a07 elementor-widget elementor-widget-text-editor\" data-id=\"b3c6a07\" data-element_type=\"widget\" data-e-type=\"widget\" data-widget_type=\"text-editor.default\">\n\t\t\t\t<div class=\"elementor-widget-container\">\n\t\t\t\t\t\t\t\t\t<p><strong>Angaben gem\u00e4\u00df \u00a7 5 TMG:<\/strong> <br \/>Milch mit Honig UG<br \/>Treppenstra\u00dfe 20 <br \/>33647 Bielefeld<\/p><p><strong><br \/>Vertreten durch:<br \/><\/strong>Cem \u00d6zkan<\/p><p><strong>Datenschutzbeauftragter:<\/strong> <br \/>Cem \u00d6zkan<br \/>Treppenstra\u00dfe 20<br \/>33647 Bielefeld <br \/>Mobil: +49 177 67 67 565<br \/>E-Mail: <span class=\"ltrText\">eis@milkmithoney.de<\/span> <br \/>Website: <a href=\"https:\/\/www.milkmithoney.de\">www.milkmithoney.de<\/a><\/p><p><strong>Kontakt:<\/strong> <br \/>Mobil: +49 177 67 67 565<br \/>E-Mail: <span class=\"ltrText\">eis@milkmithoney.de<\/span><\/p><p><strong>Registereintrag:<\/strong> <br \/>Eintragung im Handelsregister <br \/>Registergericht: Amtsgericht Bielefeld HRB &#8211; 44667<\/p><p>Gesch\u00e4ftsf\u00fchrer: Cem \u00d6zkan<\/p>\t\t\t\t\t\t\t\t<\/div>\n\t\t\t\t<\/div>\n\t\t\t\t\t<\/div>\n\t\t<\/div>\n\t\t\t\t\t<\/div>\n\t\t<\/section>\n\t\t\t\t<\/div>\n\t\t","protected":false},"excerpt":{"rendered":"<p>Impressum Angaben gem\u00e4\u00df \u00a7 5 TMG: Milch mit Honig UGTreppenstra\u00dfe 20 33647 Bielefeld Vertreten durch:Cem \u00d6zkan Datenschutzbeauftragter: Cem \u00d6zkanTreppenstra\u00dfe 2033647 Bielefeld Mobil: +49 177 67 67 565E-Mail: eis@milkmithoney.de Website: www.milkmithoney.de Kontakt: Mobil: +49 177 67 67 565E-Mail: eis@milkmithoney.de Registereintrag: Eintragung im Handelsregister Registergericht: Amtsgericht Bielefeld HRB &#8211; 44667 Gesch\u00e4ftsf\u00fchrer: Cem \u00d6zkan<\/p>\n","protected":false},"author":1,"featured_media":0,"parent":0,"menu_order":0,"comment_status":"closed","ping_status":"closed","template":"page-full-width.php","meta":{"footnotes":""},"class_list":["post-6881","page","type-page","status-publish","hentry"],"_links":{"self":[{"href":"https:\/\/www.milkmithoney.de\/index.php\/wp-json\/wp\/v2\/pages\/6881","targetHints":{"allow":["GET"]}}],"collection":[{"href":"https:\/\/www.milkmithoney.de\/index.php\/wp-json\/wp\/v2\/pages"}],"about":[{"href":"https:\/\/www.milkmithoney.de\/index.php\/wp-json\/wp\/v2\/types\/page"}],"author":[{"embeddable":true,"href":"https:\/\/www.milkmithoney.de\/index.php\/wp-json\/wp\/v2\/users\/1"}],"replies":[{"embeddable":true,"href":"https:\/\/www.milkmithoney.de\/index.php\/wp-json\/wp\/v2\/comments?post=6881"}],"version-history":[{"count":38,"href":"https:\/\/www.milkmithoney.de\/index.php\/wp-json\/wp\/v2\/pages\/6881\/revisions"}],"predecessor-version":[{"id":7112,"href":"https:\/\/www.milkmithoney.de\/index.php\/wp-json\/wp\/v2\/pages\/6881\/revisions\/7112"}],"wp:attachment":[{"href":"https:\/\/www.milkmithoney.de\/index.php\/wp-json\/wp\/v2\/media?parent=6881"}],"curies":[{"name":"wp","href":"https:\/\/api.w.org\/{rel}","templated":true}]}}